ghest common divisor of t and 72?
8
Let t = 234 + -231. Suppose t*m - q - 93 = 4*q, -141 = -4*m + q. Calculate the highest common factor of 180 and m.
36
Suppose 448*r - 457*r = -9. Calculate the greatest common divisor of r and 443.
1
Suppose 22*t + 78139 = 26*t + 5*l, -4*l + 39080 = 2*t. What is the highest common divisor of t and 26?
26
Suppose -9 + 39 = -5*d. Let c(s) = s**3 + 8*s**2 + 10*s + 6. Let h be c(d). Let j = 48 - h. Calculate the greatest common divisor of 30 and j.
30
Let b(c) = -c**3 - 10*c**2 - 4*c - 18. Let d = 58 + -83. Let m = -35 - d. Let l be b(m). Calculate the highest common divisor of 88 and l.
22
Let t = 756 + -437. Let o = 1279 - 1191. Suppose 0 = -2*l - 4*p - 18 + 80, -o = -3*l - p. What is the highest common factor of t and l?
29
Suppose 0 = -69*i + 41*i + 476. Suppose -2*z = d - z - 830, 6 = -2*z. Calculate the highest common divisor of i and d.
17
Let s = 3929 + -3871. Let b be (3/(-2) + 2)*1044. What is the greatest common factor of b and s?
58
Suppose 0 = -4*j + 3*a + 4017, 0 = j - 4*a - 871 - 156. What is the greatest common divisor of j and 4218?
111
Suppose 4*a = 51*a + 282. Let i be (-3 + a/(-4))*(-1008)/27. Calculate the greatest common factor of i and 14.
14
Let v = 78 + -78. Suppose 0 = 2*w - v*w + 4, -a = -2*w - 2. Let i be ((-95)/15 + 3)/(a/6). Calculate the greatest common divisor of 110 and i.
10
Suppose -t - 23 = -3*t - 3*q, 4*t = -5*q + 45. Suppose 36 - t = 2*u. Calculate the highest common divisor of 169 and u.
13
Let o = 357 + -187. Suppose 3*x + 155 = 5*z, -922*z + 917*z - x + 175 = 0. What is the highest common divisor of o and z?
34
Let z be (14/((-84)/(-9)) + -59)/(3/(-108)). What is the highest common divisor of 253 and z?
23
Suppose -2*x = -4*r - 3758, x - 1839 = 29*r - 32*r. What is the greatest common factor of x and 437?
23
Suppose 1125*j = 1118*j + 82278. What is the highest common divisor of j and 18?
18
Let h be 375 - (2 + -4) - -1. Suppose -4*c = 5*w - 51, 52*c - 56*c - 2*w + 54 = 0. Calculate the greatest common factor of h and c.
14
Let p be (-589)/(-217) - 2/(-7). Let q be 27*6 + (-5 - -2). Suppose 5*u = -2*o + q, 5*u - p*o - 157 = -4*o. Calculate the greatest common factor of u and 31.
31
Suppose -90 = -2*a - a. Let k(w) = 335*w + 9. Let u(d) = 112*d + 3. Let h(s) = 3*k(s) - 8*u(s). Let o be h(3). What is the highest common divisor of o and a?
30
Let d be -6 + 6 - 6 - -18. Let u be d/(-10)*1300/(-40). What is the greatest common divisor of u and 3?
3
Let a(p) = -p + 13. Let g be a(9). Suppose 0 = -3*s + 2*q + 290, -s + 4 + 76 = -4*q. Calculate the greatest common factor of s and g.
4
Let l be ((-2)/(-4))/((-5)/(-10)) - -8. Suppose d = -2*i + 289, -4*d + l = -11. Let f = -115 + i. Calculate the highest common divisor of 216 and f.
27
Suppose -l - 3*b = -78, -146*b = -l - 148*b + 81. Let r = -123 + 199. Let h = l - r. What is the highest common factor of 11 and h?
11
Let f(r) = 20*r - 96. Let g be f(-13). Let z = g + 580. Calculate the highest common divisor of z and 32.
32
Let a(s) = -3 + 14*s + 11 - 10*s. Let z be a(8). Let o(k) = 63*k - 52. Let d be o(4). Calculate the greatest common divisor of d and z.
40
Let b = -35 - -91. Suppose -42 - 86 = -2*x - 4*f, 296 = 4*x - 2*f. Calculate the highest common divisor of x and b.
8
Let l(f) = f**3 + 7*f**2 - 5*f - 1. Let m be l(4). Let t = 175 + -144. Calculate the highest common divisor of t and m.
31
Suppose -4*b - 1800 = -5*x, -11*b + 2174 = 6*x - 13*b. Calculate the greatest common factor of x and 39.
13
Let k = -1234 + 1336. What is the greatest common factor of k and 1122?
102
Suppose 28161 = 3*g + 13*g - 56191. Calculate the greatest common divisor of 8 and g.
8
Let z be 2/(10/24*(-65)/(-325)). What is the highest common factor of 2904 and z?
24
Let p = -87 - 29. Let d = 122 + p. Suppose i - 17 = -k, 59 = 3*k - i - 4*i. Calculate the highest common divisor of k and d.
6
Let f be (0 - -8)/((-166)/(-1909)). Let b(i) = -13*i - 15. Let r be b(-10). Calculate the greatest common factor of r and f.
23
Let c be (-2180)/14 + (-10)/35. Let v = c + 184. What is the highest common factor of v and 238?
14
Suppose -3*w + 249 = -2*i, 168 = 2*w - 0*w - i. What is the highest common factor of 725 and w?
29
Suppose 17*w - 286 = -9*w. Suppose 0 = 2*v + 2*z - 8, v - z = 2*z - 4. Let i be 1/v + 63/6. What is the highest common factor of w and i?
11
Let g(u) = u**3 + 2*u**2 + u - 1. Let f = -10 - -8. Let l be g(f). Let h be (117/(-6) - l)*-2. Calculate the highest common factor of 33 and h.
33
Let b(s) = s**2 - 9*s + 28. Suppose l - 11 = -q, -4*q - 1 + 5 = -4*l. Let h be b(q). What is the highest common divisor of h and 10?
10
Let y be 2/4 + 50/(-20). Suppose 3*m = 7*m - 16. Let w = y + m. Calculate the highest common factor of 3 and w.
1
Suppose n - 1202 - 1583 = 2*m, -3*m = -n + 2791. What is the greatest common factor of n and 177?
59
Let s = -4183 - -4426. Calculate the greatest common divisor of s and 18.
9
Suppose 4*x + 5*k = -9599 + 41825, 4*k + 40344 = 5*x. What is the highest common factor of 756 and x?
252
Let q(y) = 5*y**2 + 6*y + 4. Let a be q(-2). Suppose -3 = 3*w - a. Suppose -4*b + w*l = b - 165, b + l = 25. Calculate the greatest common factor of b and 40.
10
Let l be (-20 - -20 - 4)/(3/(-45)*2). What is the greatest common factor of 834 and l?
6
Let x(i) = -5*i**2 - 31*i + 17. Let r be x(-7). Let o be 18 - r/((-22)/4). What is the highest common divisor of o and 56?
8
Let g = -577 - -210. Let m = 437 + g. Suppose -z - 25 = -2*i, 5*i - 79 = -5*z + 2*z. Calculate the highest common divisor of i and m.
14
Let j = -6050 - -6057. Calculate the highest common divisor of 7112 and j.
7
Let f = -228 - -232. Let w be 1/(3/4)*90/f. Calculate the highest common divisor of w and 70.
10
Let s = -147 + 214. Suppose 0 = -17*f + 86 + s. Calculate the greatest common divisor of f and 144.
9
Suppose 4*v - 23*k + 25*k - 404 = 0, -491 = -5*v + k. Let j = 10 - -23. What is the greatest common factor of j and v?
33
Suppose 0 = 6*d - 1952 - 3544. Let y = 946 - d. Calculate the greatest common divisor of 160 and y.
10
Let y = -10 - -8. Let o = y - -5. Suppose 3*v + 5*l - 37 = -0*v, -o*l = -3*v + 69. Calculate the highest common factor of v and 19.
19
Let h = 11 - 7. Let p be h/(-8) - 206/(-4). Suppose -568*x = -15025 - 33255. What is the greatest common divisor of p and x?
17
Let k = 27 - 16. Suppose 4*q + 8 = -4*u, 4*u - 4*q = -9*q - k. Suppose 0*x - 11 = -x. What is the greatest common divisor of u and x?
1
Let t(j) = j**3 + 15*j**2 - 9*j - 1. Let n be t(-12). Suppose -34*y = -y - 1617. What is the greatest common factor of n and y?
49
Suppose 0 = 4*g - 12, -3*g - 559 = 3*q - 7*q. Suppose 143*n - q*n - 112 = 0. What is the highest common divisor of n and 616?
56
Let c(r) = 27*r**2 - 2*r - 2. Let q = -74 + 73. Let z be c(q). Let t(i) = 2*i + 67. Let f be t(-32). Calculate the highest common factor of f and z.
3
Let w be 312/14 - 6/21. Let j(i) = -29*i - 105. Let q be j(-4). What is the greatest common factor of q and w?
11
Suppose 0 = -11*f + 50 + 49. Suppose -l + 4*a = 1, f = 3*l + 5*a - 5. Let j be (1 - 1 - 0) + 1. What is the greatest common divisor of l and j?
1
Let u be 33/(-12) - 112442/(-88). Let c = -512 + 563. Calculate the greatest common divisor of u and c.
51
Let a(r) = 247*r - 270. Let d be a(-4). Let i = d - -1960. What is the highest common divisor of i and 108?
54
Suppose -w = 2*w - 93. Let c(t) = t**3 - 2*t**2 - 2*t - 4823. Let u be c(0). Let d be u/(-39) + 1/3. Calculate the highest common divisor of w and d.
31
Suppose -91*y + 98*y = 91. Let r = -386 - -425. Calculate the highest common factor of r and y.
13
Let v = -458 + 865. Let f = -323 + v. Calculate the greatest common divisor of f and 24.
12
Suppose -6*q = 14 - 128. Suppose b = q*b - 324. What is the highest common factor of b and 66?
6
Let k be (-195)/6*(-12)/15. Suppose 5*w - o - 48 = 0, 22 + k = 4*w - 4*o. Let f be (-1 - (6 + -4))/(w/(-312)). What is the greatest common factor of f and 13?
13
Let c(h) = 328*h + 629. Let a be c(0). Calculate the highest common factor of a and 185.
37
Suppose -22*x + 71*x - 490 = 0. Let f(j) = j**2 - 14*j + 14. Let l be f(14). Calculate the highest common factor of l and x.
2
Suppose 5*l - 2*l - 2*h - 830 = 0, 5*l - 5*h - 1390 = 0. Suppose -23